29 = -3*o - 22, -2*o = -4*n + 44. What are the prime factors of (o - -9) + -1 + q?
2, 17
Suppose 6366 = 4*z + 1142. List the prime factors of z.
2, 653
Suppose 0 = -2*q - 7 - 11. Let z be (21/q)/(1/(-18)). Suppose 4*y + 5*m - 59 = z, 0 = -2*m + 2. What are the prime factors of y?
2, 3
Let a be (-2410)/(-30) + 2/(-6). Suppose -3*o + 0*u + 2*u = -a, 0 = 5*o - 5*u - 125. List the prime factors of o.
2, 3, 5
Let b(c) = -c**2 + 9*c**2 - 2*c**2 + c**3 + 2. Let r be b(-6). Suppose -r*k + 10 = -10. What are the prime factors of k?
2, 5
What are the prime factors of (-139 - 2)/(5/(-25))?
3, 5, 47
List the prime factors of (-4820)/(-68) + 14/119.
71
Let n(x) = -x**3 + 8*x**2 - 12*x. Let k be n(6). Let g(o) = -o**2 - 6*o + 151. List the prime factors of g(k).
151
Suppose -5*o = 5*k - 8195, 11*o - 12*o = -4*k - 1634. What are the prime factors of o?
2, 3, 7, 13
Let k = 1287 + -650. What are the prime factors of k?
7, 13
Let k = 226 - -2139. What are the prime factors of k?
5, 11, 43
Let z = -3390 - -8182. List the prime factors of z.
2, 599
Suppose 3*y - 3*n - 21 = 0, 3*y - n - 24 = 3*n. Suppose y*p - 11 - 5 = h, 5*p - 20 = h. Suppose 3*q - p*q = -20. What are the prime factors of q?
2, 5
Let b be 6/(-4)*230/(-15). Let c = -18 + b. Suppose c*x - 385 = -5. List the prime factors of x.
2, 19
Let h = 6 + -2. Suppose 344 = -h*d + 8*d. Suppose -3*r - d = -5*r. What are the prime factors of r?
43
What are the prime factors of 1340/6*9*6/36?
5, 67
Let y = 53 - 48. Suppose 5*w + u - 437 = 0, -4*w + 9*w + y*u = 425. List the prime factors of w.
2, 11
Let a be (251 - 0)/(7/(-28)). List the prime factors of a/(-10) - (-22)/(-55).
2, 5
Let x(q) = 58*q + 63. What are the prime factors of x(18)?
3, 41
Let a(j) = -11*j**3 - 22*j**2 + 2*j + 17. What are the prime factors of a(-6)?
7, 227
Suppose 10 - 42 = -8*d. Suppose 5*a = 3*a + d. What are the prime factors of a?
2
Suppose -8*o = -2*o + 12. What are the prime factors of (18*(-26)/o)/((-32)/(-16))?
3, 13
Suppose 3*v + 10 = 4*i, -v + 28 = 3*v + 5*i. Suppose -160 = -5*a + 5*g, a + 32 = v*a - 5*g. List the prime factors of a.
2
Suppose 2*o + 5 = -x - 0*x, 0 = -5*o - 3*x - 15. Suppose -3*c - 2 + 14 = o, -2*c = 5*j - 158. What are the prime factors of j?
2, 3, 5
Let v(k) = 5*k**2 - 42 - 56 - 22 - 4*k**2. Let y be v(0). Let f = -81 - y. What are the prime factors of f?
3, 13
Let g be 6/14 + 9/(-21). Suppose g = h + 28 - 91. What are the prime factors of h?
3, 7
Let o(s) = s**2 - 2*s. Let x = -1 + 4. Let n be o(x). Suppose -32 = -n*m + 4. What are the prime factors of m?
2, 3
Let l be -2*(-275)/10*1. Let a = 63 - -15. Let j = a - l. What are the prime factors of j?
23
Let h(y) = 2*y - 5. Let d be h(4). Suppose -2124 = 3*k - 12*k. Suppose -80 = 5*o - d*c - k, -o - 3*c = -24. List the prime factors of o.
2, 3, 5
Let l(o) = -8*o**3 - 4*o**2 + 4*o + 23. What are the prime factors of l(-7)?
2543
Suppose 0 = 4*h - u - 257 - 1143, -4*h - 3*u + 1400 = 0. Let i be h/42 - 4/(-6). List the prime factors of -5 - -3 - (-2 - i).
3
Let k be (-5)/(2/(-8) - 435/(-1716)). List the prime factors of (k/(-33))/(1/3).
2, 5, 13
Suppose -5*m - 312 = -9*m. Let o = -65 + m. List the prime factors of o.
13
Let w be 38/12 - 8/48. Let y(u) = u + w*u + 0*u + u**2 + 2. What are the prime factors of y(-5)?
7
Let j = 127 - 15. What are the prime factors of j?
2, 7
Let v(i) = 7*i**2 - 36*i - 4. List the prime factors of v(12).
2, 11, 13
Let t = 130 - 69. Suppose -4*r = -2*n + 294, n - 5*r - 92 = t. What are the prime factors of n?
11, 13
Let u(r) = -r**3 + 10*r**2 - 2*r + 12. Let y be u(8). Suppose 2*m - y = -5*w + 8, -3*w = -5*m + 392. List the prime factors of m.
2, 19
Suppose 539 = w + 2*t, 1002 = 4*w - 4*t - 1190. Suppose -8*c + 3*c = -w. List the prime factors of c.
109
Let h be 0 - ((-2295)/5 + (-1)/1). Suppose -l + 2 = -0*l, h = 5*u - 5*l. What are the prime factors of u?
2, 47
Suppose 5*j = -3*z + 7002, -j - 3*z + 5601 = 3*j. List the prime factors of j.
3, 467
Let y = -752 + 1268. List the prime factors of y.
2, 3, 43
Suppose 2*t = -2*t - 380. Let g be (-4)/10*t/38. Let d(v) = 42*v**2 + 2*v - 1. What are the prime factors of d(g)?
43
Let a(v) = -7*v - 2. Let b be a(-1). Suppose -3*s - 3*d = -d - 198, b*s - 305 = 5*d. What are the prime factors of s?
2
Let x = 655 - 619. What are the prime factors of x?
2, 3
Let p be (-132)/4*-2 + -7. Suppose 23 - 7 = -d. Let j = p + d. List the prime factors of j.
43
Let w(s) be the second derivative of 19/2*s**2 - 1/3*s**3 + 0 - 3*s. What are the prime factors of w(-15)?
7
Suppose y + g - 864 = 286, 0 = -y + 2*g + 1159. What are the prime factors of y?
1153
What are the prime factors of 4/4*1249 - -6?
5, 251
Let y(k) = -11*k + 11. Let u be y(4). Let a = 88 + u. List the prime factors of a.
5, 11
Let h(t) = -t**2 + 3*t + 8. Let x be h(5). What are the prime factors of 1*(x - 2) - (-199 - 17)?
2, 53
Suppose 0 = -35*w + 32*w + 5529. List the prime factors of w.
19, 97
Let v(i) = 3*i - 7. Let s be v(4). Suppose -s*k + 10 = -15. Suppose -k*x = -8*x + 93. What are the prime factors of x?
31
Suppose -2*i = 4*h + 3*i - 35, h + 5*i = 20. Suppose b + 4*b - 1125 = -4*k, -h*b + k = -1150. What are the prime factors of b?
229
Suppose 3*q - 2*i = -16, 6 = -7*i + 10*i. List the prime factors of (2184/18)/(q/(-6)).
2, 7, 13
Let q = 7 - 45. Suppose 0 = -5*y - 15 - 0, 0 = -h + 2*y + 81. Let k = q + h. List the prime factors of k.
37
Suppose -4*b - 2 = -38. Let d = 14 - b. Suppose 0 = -d*q + q + 44. List the prime factors of q.
11
Let j(v) = -403*v**3 - 2*v + 2. Let d be j(1). Let u = -277 - d. What are the prime factors of u?
2, 3, 7
Let s(x) = -x**3 - 8 + 14*x - 19*x + 9*x + 4*x + 5*x**2. List the prime factors of s(-5).
2, 101
Let d = -9 - -828. What are the prime factors of d?
3, 7, 13
Suppose -3*p = 5 - 2. List the prime factors of (3 + -2 - -90) + p.
2, 3, 5
Let q = 638 - -354. What are the prime factors of q?
2, 31
Let u(y) = -y**3 + 13*y**2 + 13*y + 15. Let m be u(14). Suppose -5*r + m = -554. List the prime factors of r.
3, 37
Suppose 5*x + 3185 = 5*p, 2*p - 2*x = p + 637. What are the prime factors of p?
7, 13
Let r(i) = 2*i + 2. Let m be r(3). List the prime factors of m/20 + (-1074)/(-15).
2, 3
Let b(g) = 24*g**2 - 17*g**2 + 1 - 2. Let p be b(-2). Suppose 65 + p = 4*h. List the prime factors of h.
23
Suppose 5*d = 11*d - 12. Suppose -d*b - j + 25 = 0, 0 = -3*b + j - 5*j + 50. List the prime factors of b.
2, 5
Suppose 25*n = 5491 + 55134. List the prime factors of n.
5, 97
Let y be 1510/70 - 8/14. Let g = y - 12. What are the prime factors of g?
3
Let v = 751 - 69. List the prime factors of v.
2, 11, 31
Let m be (-24)/(-21)*(-21)/(-6). Suppose -107 = -c + 4*d, -2*d = -m*c + 254 + 216. What are the prime factors of c?
7, 17
Suppose 2*t + 3 = 9. Suppose 2*o = 3*d - 16, -3*d - t*o = -d + 11. Let c = d - -9. List the prime factors of c.
11
Let a(u) = -2*u + 11*u - u**2 - 27*u + 3 - 2*u. What are the prime factors of a(-11)?
2, 3, 17
Let x be 24/108 - (-11)/(-9). Let d be (-11 - -9)/(-1 + x). What are the prime factors of 17 - d*(-6)/(-2)?
2, 7
Suppose 3*g - 4*x - 1291 = 0, 0 = 2*g - x - 0*x - 859. What are the prime factors of g?
3, 11, 13
Let v = 1894 + -943. What are the prime factors of v?
3, 317
Let q(i) = 2*i + 14. Let h = -27 + 21. Let p be q(h). What are the prime factors of p*(-3)/((-12)/94)?
47
Let g(h) = h. Let s(b) = -24*b + 3. Let d(q) = -6*g(q) + s(q). List the prime factors of d(-1).
3, 11
Let r = 25 - 25. List the prime factors of (r - -4)*(10 - 6/(-3)).
2, 3
Let t = -39 - -17. Let f = 111 - t. List the prime factors of f.
7, 19
Suppose -3*n + 5*r = 5, -1 + 4 = 3*r. Suppose 32 = -4*l - 3*s + s, 5*l + 4*s + 46 = 0. Let b = n - l. What are the prime factors of b?
2, 3
Let b(t) = t**2 + 2*t + 3. Let w be b(-2). Suppose -5*p + 5*z - 227 = w*z, 4*z - 139 = 3*p. Let d = p - -64. List the prime factors of d.
19
Let v be 3/(4*(-6)/(-16)). Let h = 9 - v. Suppose -5*z = -h*q + 4*q + 78, -q + 25 = -2*z. What are the prime factors of q?
31
Suppose 0 = -2*j - 0*j - 22. Let m be (-2)/4 - 260/(-8). Let o = m + j. What are the prime factors of o?
3, 7
Suppose 7*b + 440 = 11*b. Suppose -5*o = -3*o - 3*m - b, 3*m - 296 = -5*o. What are the prime factors of o?
2, 29
Suppose -19*t + 3653 = -1363. What are the prime factors of t